Dec 02 07:50:31.160 INFO testing FTV-Subtil/rs_http_worker against master#8940af3cea4a9a9deabcaf843b2f8cad9a83fc61 for beta-1.31-5
Dec 02 07:50:31.160 INFO running `"docker" "create" "-v" "/mnt/big/crater/work/local/target-dirs/beta-1.31-5/worker-4/master#8940af3cea4a9a9deabcaf843b2f8cad9a83fc61:/target:rw,Z" "-v" "/mnt/big/crater/work/local/test-source/worker-4/beta-1.31-5/master#8940af3cea4a9a9deabcaf843b2f8cad9a83fc61:/source:ro,Z" "-v" "/mnt/big/crater/work/local/cargo-home:/cargo-home:ro,Z" "-v" "/mnt/big/crater/work/local/rustup-home:/rustup-home:ro,Z" "-e" "USER_ID=1000" "-e" "SOURCE_DIR=/source" "-e" "USER_ID=1000" "-e" "CMD=cargo +8940af3cea4a9a9deabcaf843b2f8cad9a83fc61-alt build --frozen" "-e" "CARGO_TARGET_DIR=/target" "-e" "CARGO_INCREMENTAL=0" "-e" "RUST_BACKTRACE=full" "-e" "RUSTFLAGS=--cap-lints=warn" "-e" "CARGO_HOME=/cargo-home" "-e" "RUSTUP_HOME=/rustup-home" "-m" "1536M" "--network" "none" "crater"`
Dec 02 07:50:31.584 INFO [stdout] 9c9e30e26d2390330638e19e718469698d224b1ab3560d354c1ee940a7cabd5d
Dec 02 07:50:31.589 INFO running `"docker" "start" "-a" "9c9e30e26d2390330638e19e718469698d224b1ab3560d354c1ee940a7cabd5d"`
Dec 02 07:50:32.719 INFO [stderr] usermod: no changes
Dec 02 07:50:33.223 INFO [stderr]    Compiling cookie-factory v0.2.2
Dec 02 07:50:33.246 INFO [stderr]    Compiling memchr v1.0.2
Dec 02 07:50:33.246 INFO [stderr]    Compiling log v0.4.6
Dec 02 07:50:33.287 INFO [stderr]    Compiling sasl v0.4.1
Dec 02 07:50:34.789 INFO [stderr]    Compiling nom v3.2.1
Dec 02 07:50:34.875 INFO [stderr]    Compiling log v0.3.9
Dec 02 07:50:34.875 INFO [stderr]    Compiling mio v0.6.14
Dec 02 07:50:34.875 INFO [stderr]    Compiling tokio-io v0.1.6
Dec 02 07:50:36.795 INFO [stderr]    Compiling handlebars v0.27.0
Dec 02 07:50:36.795 INFO [stderr]    Compiling tokio-threadpool v0.1.0
Dec 02 07:50:43.587 INFO [stderr]    Compiling amq-protocol-types v0.20.0
Dec 02 07:50:45.383 INFO [stderr]    Compiling tokio-reactor v0.1.0
Dec 02 07:50:52.343 INFO [stderr]    Compiling tokio v0.1.3
Dec 02 07:50:57.018 INFO [stderr]    Compiling amq-protocol-codegen v0.27.0
Dec 02 07:51:00.227 INFO [stderr]    Compiling tokio-core v0.1.13
Dec 02 07:51:06.847 INFO [stderr]    Compiling tokio-proto v0.1.1
Dec 02 07:51:06.847 INFO [stderr]    Compiling tokio-tls v0.1.4
Dec 02 07:51:12.321 INFO [stderr]    Compiling amq-protocol v0.19.1
Dec 02 07:51:15.398 INFO [stderr]    Compiling hyper v0.11.22
Dec 02 07:51:32.642 INFO [stderr]    Compiling hyper-tls v0.1.2
Dec 02 07:51:37.889 INFO [stderr]    Compiling lapin-async v0.10.0
Dec 02 07:51:39.442 INFO [stderr]    Compiling reqwest v0.8.5
Dec 02 07:52:01.898 INFO [stderr]    Compiling lapin-futures v0.10.0
Dec 02 07:52:05.474 INFO [stderr]    Compiling amqp_worker v0.1.3
Dec 02 07:52:12.075 INFO [stderr]    Compiling http_worker v0.1.0 (/source)
Dec 02 07:52:24.192 INFO [stderr]     Finished dev [unoptimized + debuginfo] target(s) in 1m 51s
Dec 02 07:52:24.220 INFO [stderr] su: No module specific data is present
Dec 02 07:52:24.832 INFO running `"docker" "inspect" "9c9e30e26d2390330638e19e718469698d224b1ab3560d354c1ee940a7cabd5d"`
Dec 02 07:52:25.085 INFO running `"docker" "rm" "-f" "9c9e30e26d2390330638e19e718469698d224b1ab3560d354c1ee940a7cabd5d"`
Dec 02 07:52:25.326 INFO [stdout] 9c9e30e26d2390330638e19e718469698d224b1ab3560d354c1ee940a7cabd5d
Dec 02 07:52:25.333 INFO running `"docker" "create" "-v" "/mnt/big/crater/work/local/target-dirs/beta-1.31-5/worker-4/master#8940af3cea4a9a9deabcaf843b2f8cad9a83fc61:/target:rw,Z" "-v" "/mnt/big/crater/work/local/test-source/worker-4/beta-1.31-5/master#8940af3cea4a9a9deabcaf843b2f8cad9a83fc61:/source:ro,Z" "-v" "/mnt/big/crater/work/local/cargo-home:/cargo-home:ro,Z" "-v" "/mnt/big/crater/work/local/rustup-home:/rustup-home:ro,Z" "-e" "USER_ID=1000" "-e" "SOURCE_DIR=/source" "-e" "USER_ID=1000" "-e" "CMD=cargo +8940af3cea4a9a9deabcaf843b2f8cad9a83fc61-alt test --frozen --no-run" "-e" "CARGO_TARGET_DIR=/target" "-e" "CARGO_INCREMENTAL=0" "-e" "RUST_BACKTRACE=full" "-e" "RUSTFLAGS=--cap-lints=warn" "-e" "CARGO_HOME=/cargo-home" "-e" "RUSTUP_HOME=/rustup-home" "-m" "1536M" "--network" "none" "crater"`
Dec 02 07:52:25.791 INFO [stdout] ff1002f4217b23ad4c60093b9b7300e192b1b6711b26c47c062a423676a5ec56
Dec 02 07:52:25.803 INFO running `"docker" "start" "-a" "ff1002f4217b23ad4c60093b9b7300e192b1b6711b26c47c062a423676a5ec56"`
Dec 02 07:52:26.966 INFO [stderr] usermod: no changes
Dec 02 07:52:27.239 INFO [stderr]    Compiling http_worker v0.1.0 (/source)
Dec 02 07:52:37.579 INFO [stderr]     Finished dev [unoptimized + debuginfo] target(s) in 10.58s
Dec 02 07:52:37.594 INFO [stderr] su: No module specific data is present
Dec 02 07:52:38.219 INFO running `"docker" "inspect" "ff1002f4217b23ad4c60093b9b7300e192b1b6711b26c47c062a423676a5ec56"`
Dec 02 07:52:38.527 INFO running `"docker" "rm" "-f" "ff1002f4217b23ad4c60093b9b7300e192b1b6711b26c47c062a423676a5ec56"`
Dec 02 07:52:38.766 INFO [stdout] ff1002f4217b23ad4c60093b9b7300e192b1b6711b26c47c062a423676a5ec56
Dec 02 07:52:38.776 INFO running `"docker" "create" "-v" "/mnt/big/crater/work/local/target-dirs/beta-1.31-5/worker-4/master#8940af3cea4a9a9deabcaf843b2f8cad9a83fc61:/target:rw,Z" "-v" "/mnt/big/crater/work/local/test-source/worker-4/beta-1.31-5/master#8940af3cea4a9a9deabcaf843b2f8cad9a83fc61:/source:ro,Z" "-v" "/mnt/big/crater/work/local/cargo-home:/cargo-home:ro,Z" "-v" "/mnt/big/crater/work/local/rustup-home:/rustup-home:ro,Z" "-e" "USER_ID=1000" "-e" "SOURCE_DIR=/source" "-e" "USER_ID=1000" "-e" "CMD=cargo +8940af3cea4a9a9deabcaf843b2f8cad9a83fc61-alt test --frozen" "-e" "CARGO_TARGET_DIR=/target" "-e" "CARGO_INCREMENTAL=0" "-e" "RUST_BACKTRACE=full" "-e" "RUSTFLAGS=--cap-lints=warn" "-e" "CARGO_HOME=/cargo-home" "-e" "RUSTUP_HOME=/rustup-home" "-m" "1536M" "--network" "none" "crater"`
Dec 02 07:52:39.287 INFO [stdout] 1bcdf97cb3d2ac7a986a772579dac74ea2f0a9a486f18ef1251c68df728ba7ba
Dec 02 07:52:39.289 INFO running `"docker" "start" "-a" "1bcdf97cb3d2ac7a986a772579dac74ea2f0a9a486f18ef1251c68df728ba7ba"`
Dec 02 07:52:40.751 INFO [stderr] usermod: no changes
Dec 02 07:52:41.151 INFO [stderr]     Finished dev [unoptimized + debuginfo] target(s) in 0.37s
Dec 02 07:52:41.169 INFO [stderr]      Running /target/debug/deps/http_worker-0882c6de2c990f18
Dec 02 07:52:41.174 INFO [stdout] 
Dec 02 07:52:41.174 INFO [stdout] running 2 tests
Dec 02 07:52:41.174 INFO [stdout] test message::nack_message_test ... ok
Dec 02 07:52:41.376 INFO [stdout] test message::ack_message_test ... FAILED
Dec 02 07:52:41.376 INFO [stdout] 
Dec 02 07:52:41.376 INFO [stdout] failures:
Dec 02 07:52:41.376 INFO [stdout] 
Dec 02 07:52:41.376 INFO [stdout] ---- message::ack_message_test stdout ----
Dec 02 07:52:41.376 INFO [stdout] Job { job_id: 690, parameters: Parameters { requirements: Requirements { paths: None }, source: Resource { path: "https://staticftv-a.akamaihd.net/sous-titres/france4/20180214/172524974-5a843dcd126f8-1518616910.ttml" }, destination: Resource { path: "/tmp/172524974-5a843dcd126f8-1518616910.ttml" } } }
Dec 02 07:52:41.376 INFO [stdout] thread 'message::ack_message_test' panicked at 'called `Result::unwrap()` on an `Err` value: Error { kind: Io(Custom { kind: Other, error: StringError("failed to lookup address information: Temporary failure in name resolution") }), url: Some("https://staticftv-a.akamaihd.net/sous-titres/france4/20180214/172524974-5a843dcd126f8-1518616910.ttml") }', libcore/result.rs:1009:5
Dec 02 07:52:41.376 INFO [stdout] stack backtrace:
Dec 02 07:52:41.376 INFO [stdout]    0:     0x5598b70f8cff - std::sys::unix::backtrace::tracing::imp::unwind_backtrace::h3a8b83e1922cbdde
Dec 02 07:52:41.376 INFO [stdout]                                at libstd/sys/unix/backtrace/tracing/gcc_s.rs:49
Dec 02 07:52:41.376 INFO [stdout]    1:     0x5598b71025c7 - std::sys_common::backtrace::print::h00d3155a29b4020f
Dec 02 07:52:41.376 INFO [stdout]                                at libstd/sys_common/backtrace.rs:71
Dec 02 07:52:41.376 INFO [stdout]                                at libstd/sys_common/backtrace.rs:59
Dec 02 07:52:41.376 INFO [stdout]    2:     0x5598b70fd09f - std::panicking::default_hook::{{closure}}::hd7465c742e79e1bb
Dec 02 07:52:41.376 INFO [stdout]                                at libstd/panicking.rs:211
Dec 02 07:52:41.376 INFO [stdout]    3:     0x5598b70fcd9e - std::panicking::default_hook::h9e3966f2aa2a6e12
Dec 02 07:52:41.376 INFO [stdout]                                at libstd/panicking.rs:221
Dec 02 07:52:41.376 INFO [stdout]    4:     0x5598b70fd77e - std::panicking::rust_panic_with_hook::h587f091ae747d080
Dec 02 07:52:41.376 INFO [stdout]                                at libstd/panicking.rs:476
Dec 02 07:52:41.376 INFO [stdout]    5:     0x5598b70fd321 - std::panicking::continue_panic_fmt::hb3a4fdede87f43a8
Dec 02 07:52:41.376 INFO [stdout]                                at libstd/panicking.rs:390
Dec 02 07:52:41.376 INFO [stdout]    6:     0x5598b70fd205 - rust_begin_unwind
Dec 02 07:52:41.377 INFO [stdout]                                at libstd/panicking.rs:325
Dec 02 07:52:41.377 INFO [stdout]    7:     0x5598b71418ac - core::panicking::panic_fmt::h6f9cebf5e7474a0b
Dec 02 07:52:41.377 INFO [stdout]                                at libcore/panicking.rs:77
Dec 02 07:52:41.377 INFO [stdout]    8:     0x5598b6db63eb - core::result::unwrap_failed::h9ed47d42b2320029
Dec 02 07:52:41.377 INFO [stdout]                                at libcore/macros.rs:26
Dec 02 07:52:41.377 INFO [stdout]    9:     0x5598b6db5ec2 - <core::result::Result<T, E>>::unwrap::he3a56d812677c3ba
Dec 02 07:52:41.377 INFO [stdout]                                at libcore/result.rs:808
Dec 02 07:52:41.377 INFO [stdout]   10:     0x5598b6daac6b - http_worker::message::process::h3245981c5e3b7f00
Dec 02 07:52:41.377 INFO [stdout]                                at src/message.rs:69
Dec 02 07:52:41.377 INFO [stdout]   11:     0x5598b6db1abe - http_worker::message::ack_message_test::hd71eb0d748560160
Dec 02 07:52:41.377 INFO [stdout]                                at src/message.rs:99
Dec 02 07:52:41.377 INFO [stdout]   12:     0x5598b6db19e9 - http_worker::message::ack_message_test::{{closure}}::hc7213fa0bd4ef724
Dec 02 07:52:41.377 INFO [stdout]                                at src/message.rs:94
Dec 02 07:52:41.377 INFO [stdout]   13:     0x5598b6db1ffd - core::ops::function::FnOnce::call_once::h0983e14d9c9f4159
Dec 02 07:52:41.377 INFO [stdout]                                at libcore/ops/function.rs:238
Dec 02 07:52:41.377 INFO [stdout]   14:     0x5598b6db9e3e - <F as alloc::boxed::FnBox<A>>::call_box::hac903f91577a156c
Dec 02 07:52:41.377 INFO [stdout]                                at libtest/lib.rs:1468
Dec 02 07:52:41.377 INFO [stdout]                                at libcore/ops/function.rs:238
Dec 02 07:52:41.377 INFO [stdout]                                at liballoc/boxed.rs:672
Dec 02 07:52:41.377 INFO [stdout]   15:     0x5598b710d579 - __rust_maybe_catch_panic
Dec 02 07:52:41.377 INFO [stdout]                                at libpanic_unwind/lib.rs:102
Dec 02 07:52:41.377 INFO [stdout]   16:     0x5598b6ddba92 - std::sys_common::backtrace::__rust_begin_short_backtrace::hb8f0d0309526c184
Dec 02 07:52:41.377 INFO [stdout]                                at libstd/panicking.rs:289
Dec 02 07:52:41.377 INFO [stdout]                                at libstd/panic.rs:392
Dec 02 07:52:41.377 INFO [stdout]                                at libtest/lib.rs:1423
Dec 02 07:52:41.377 INFO [stdout]                                at libstd/sys_common/backtrace.rs:136
Dec 02 07:52:41.377 INFO [stdout]   17:     0x5598b6ddc544 - std::panicking::try::do_call::hc2f7c8b9a348d8db
Dec 02 07:52:41.377 INFO [stdout]                                at libstd/thread/mod.rs:409
Dec 02 07:52:41.377 INFO [stdout]                                at libstd/panic.rs:313
Dec 02 07:52:41.377 INFO [stdout]                                at libstd/panicking.rs:310
Dec 02 07:52:41.377 INFO [stdout]   18:     0x5598b710d579 - __rust_maybe_catch_panic
Dec 02 07:52:41.377 INFO [stdout]                                at libpanic_unwind/lib.rs:102
Dec 02 07:52:41.377 INFO [stdout]   19:     0x5598b6dc977c - <F as alloc::boxed::FnBox<A>>::call_box::h6bfded618e480b32
Dec 02 07:52:41.377 INFO [stdout]                                at libstd/panicking.rs:289
Dec 02 07:52:41.377 INFO [stdout]                                at libstd/panic.rs:392
Dec 02 07:52:41.377 INFO [stdout]                                at libstd/thread/mod.rs:408
Dec 02 07:52:41.377 INFO [stdout]                                at liballoc/boxed.rs:672
Dec 02 07:52:41.377 INFO [stdout]   20:     0x5598b70fad8d - std::sys_common::thread::start_thread::h4c28257d67cdf9cb
Dec 02 07:52:41.377 INFO [stdout]                                at liballoc/boxed.rs:682
Dec 02 07:52:41.377 INFO [stdout]                                at libstd/sys_common/thread.rs:24
Dec 02 07:52:41.377 INFO [stdout]   21:     0x5598b70ed525 - std::sys::unix::thread::Thread::new::thread_start::hfecb2e7eff8fd34f
Dec 02 07:52:41.377 INFO [stdout]                                at libstd/sys/unix/thread.rs:90
Dec 02 07:52:41.377 INFO [stdout]   22:     0x7effeab0a6b9 - start_thread
Dec 02 07:52:41.377 INFO [stdout]   23:     0x7effea62a41c - clone
Dec 02 07:52:41.377 INFO [stdout]   24:                0x0 - <unknown>
Dec 02 07:52:41.377 INFO [stdout] 
Dec 02 07:52:41.377 INFO [stdout] 
Dec 02 07:52:41.377 INFO [stdout] failures:
Dec 02 07:52:41.377 INFO [stdout]     message::ack_message_test
Dec 02 07:52:41.377 INFO [stdout] 
Dec 02 07:52:41.377 INFO [stdout] test result: FAILED. 1 passed; 1 failed; 0 ignored; 0 measured; 0 filtered out
Dec 02 07:52:41.377 INFO [stdout] 
Dec 02 07:52:41.377 INFO [stderr] error: test failed, to rerun pass '--bin http_worker'
Dec 02 07:52:41.383 INFO [stderr] su: No module specific data is present
Dec 02 07:52:42.189 INFO running `"docker" "inspect" "1bcdf97cb3d2ac7a986a772579dac74ea2f0a9a486f18ef1251c68df728ba7ba"`
Dec 02 07:52:42.451 INFO running `"docker" "rm" "-f" "1bcdf97cb3d2ac7a986a772579dac74ea2f0a9a486f18ef1251c68df728ba7ba"`
Dec 02 07:52:42.778 INFO [stdout] 1bcdf97cb3d2ac7a986a772579dac74ea2f0a9a486f18ef1251c68df728ba7ba
